{"id":79,"date":"2020-03-31T09:12:51","date_gmt":"2020-03-31T09:12:51","guid":{"rendered":"https:\/\/votrecoaching.fr\/?page_id=79"},"modified":"2020-11-11T17:11:47","modified_gmt":"2020-11-11T17:11:47","slug":"formulaire-de-contact-formulaire-de-mise-en-relation","status":"publish","type":"page","link":"https:\/\/tremplinsocial.fr\/?page_id=79","title":{"rendered":"formulaire de contact"},"content":{"rendered":"\n<p>Je vous invite \u00e0 compl\u00e9ter ce formulaire ou \u00e0 me contacter sur mon portable au 06 09 28 41 79. R\u00e9ponse rapide, sous 24 H.<\/p>\n\n\n\n<p><\/p>\n\n\n\n\n<div class=\"wpcf7 no-js\" id=\"wpcf7-f40-o1\" lang=\"fr-FR\" dir=\"ltr\" data-wpcf7-id=\"40\">\n<div class=\"screen-reader-response\"><p role=\"status\" aria-live=\"polite\" aria-atomic=\"true\"><\/p> <ul><\/ul><\/div>\n<form action=\"\/index.php?rest_route=%2Fwp%2Fv2%2Fpages%2F79#wpcf7-f40-o1\" method=\"post\" class=\"wpcf7-form init\" aria-label=\"Formulaire de contact\" novalidate=\"novalidate\" data-status=\"init\">\n<fieldset class=\"hidden-fields-container\"><input type=\"hidden\" name=\"_wpcf7\" value=\"40\" \/><input type=\"hidden\" name=\"_wpcf7_version\" value=\"6.1.5\" \/><input type=\"hidden\" name=\"_wpcf7_locale\" value=\"fr_FR\" \/><input type=\"hidden\" name=\"_wpcf7_unit_tag\" value=\"wpcf7-f40-o1\" \/><input type=\"hidden\" name=\"_wpcf7_container_post\" value=\"0\" \/><input type=\"hidden\" name=\"_wpcf7_posted_data_hash\" value=\"\" \/><input type=\"hidden\" name=\"_wpcf7_recaptcha_response\" value=\"\" \/>\n<\/fieldset>\n<p><span class=\"wpcf7-form-control-wrap\" data-name=\"tel-654\"><input size=\"40\" maxlength=\"400\" class=\"wpcf7-form-control wpcf7-tel wpcf7-text wpcf7-validates-as-tel\" aria-invalid=\"false\" value=\"\" type=\"tel\" name=\"tel-654\" \/><\/span> votre num\u00e9ro<br \/>\n<label> Votre nom (obligatoire)<br \/>\n<span class=\"wpcf7-form-control-wrap\" data-name=\"your-name\"><input size=\"40\" maxlength=\"400\" class=\"wpcf7-form-control wpcf7-text wpcf7-validates-as-required\" aria-required=\"true\" aria-invalid=\"false\" value=\"\" type=\"text\" name=\"your-name\" \/><\/span> <\/label>\n<\/p>\n<p><label> Votre adresse de messagerie (obligatoire)<br \/>\n<span class=\"wpcf7-form-control-wrap\" data-name=\"your-email\"><input size=\"40\" maxlength=\"400\" class=\"wpcf7-form-control wpcf7-email wpcf7-validates-as-required wpcf7-text wpcf7-validates-as-email\" aria-required=\"true\" aria-invalid=\"false\" value=\"\" type=\"email\" name=\"your-email\" \/><\/span> <\/label>\n<\/p>\n<p><label> Objet<br \/>\n<span class=\"wpcf7-form-control-wrap\" data-name=\"your-subject\"><input size=\"40\" maxlength=\"400\" class=\"wpcf7-form-control wpcf7-text\" aria-invalid=\"false\" value=\"\" type=\"text\" name=\"your-subject\" \/><\/span> <\/label>\n<\/p>\n<p><label> Votre message<br \/>\n<span class=\"wpcf7-form-control-wrap\" data-name=\"your-message\"><textarea cols=\"40\" rows=\"10\" maxlength=\"2000\" class=\"wpcf7-form-control wpcf7-textarea\" aria-invalid=\"false\" name=\"your-message\"><\/textarea><\/span> <\/label>\n<\/p>\n<p><button class=\"wpcf7-form-control wpcf7-submit has-spinner et_pb_button et_pb_bg_layout_light\" type=\"submit\" value=\"Envoyer\">Envoyer<\/button>\n<\/p><p style=\"display: none !important;\" class=\"akismet-fields-container\" data-prefix=\"_wpcf7_ak_\"><label>&#916;<textarea name=\"_wpcf7_ak_hp_textarea\" cols=\"45\" rows=\"8\" maxlength=\"100\"><\/textarea><\/label><input type=\"hidden\" id=\"ak_js_1\" name=\"_wpcf7_ak_js\" value=\"85\"\/><script>document.getElementById( \"ak_js_1\" ).setAttribute( \"value\", ( new Date() ).getTime() );<\/script><\/p><div class=\"wpcf7-response-output\" aria-hidden=\"true\"><\/div>\n<\/form>\n<\/div>\n\n\n\n\n<p><\/p>\n\n\n\n<p>Pour les sessions \u00e0 distance, je vous adresse un lien zoom sur votre adresse mail.<\/p>\n\n\n\n<p>Numero Siret:  8114355360006<\/p>\n","protected":false},"excerpt":{"rendered":"<p>Je vous invite \u00e0 compl\u00e9ter ce formulaire ou \u00e0 me contacter sur mon portable au 06 09 28 41 79. R\u00e9ponse rapide, sous 24 H. &nbsp; Pour les sessions \u00e0 distance, je vous adresse un lien zoom sur votre adresse mail. Numero Siret: 8114355360006<\/p>\n","protected":false},"author":1,"featured_media":0,"parent":0,"menu_order":0,"comment_status":"closed","ping_status":"closed","template":"","meta":{"site-sidebar-layout":"default","site-content-layout":"default","ast-site-content-layout":"default","site-content-style":"default","site-sidebar-style":"default","ast-global-header-display":"","ast-banner-title-visibility":"","ast-main-header-display":"","ast-hfb-above-header-display":"","ast-hfb-below-header-display":"","ast-hfb-mobile-header-display":"","site-post-title":"","ast-breadcrumbs-content":"","ast-featured-img":"","footer-sml-layout":"","ast-disable-related-posts":"","theme-transparent-header-meta":"default","adv-header-id-meta":"","stick-header-meta":"","header-above-stick-meta":"","header-main-stick-meta":"","header-below-stick-meta":"","astra-migrate-meta-layouts":"default","ast-page-background-enabled":"default","ast-page-background-meta":{"desktop":{"background-color":"","background-image":"","background-repeat":"repeat","background-position":"center center","background-size":"auto","background-attachment":"scroll","background-type":"","background-media":"","overlay-type":"","overlay-color":"","overlay-opacity":"","overlay-gradient":""},"tablet":{"background-color":"","background-image":"","background-repeat":"repeat","background-position":"center center","background-size":"auto","background-attachment":"scroll","background-type":"","background-media":"","overlay-type":"","overlay-color":"","overlay-opacity":"","overlay-gradient":""},"mobile":{"background-color":"","background-image":"","background-repeat":"repeat","background-position":"center center","background-size":"auto","background-attachment":"scroll","background-type":"","background-media":"","overlay-type":"","overlay-color":"","overlay-opacity":"","overlay-gradient":""}},"ast-content-background-meta":{"desktop":{"background-color":"var(--ast-global-color-5)","background-image":"","background-repeat":"repeat","background-position":"center center","background-size":"auto","background-attachment":"scroll","background-type":"","background-media":"","overlay-type":"","overlay-color":"","overlay-opacity":"","overlay-gradient":""},"tablet":{"background-color":"var(--ast-global-color-5)","background-image":"","background-repeat":"repeat","background-position":"center center","background-size":"auto","background-attachment":"scroll","background-type":"","background-media":"","overlay-type":"","overlay-color":"","overlay-opacity":"","overlay-gradient":""},"mobile":{"background-color":"var(--ast-global-color-5)","background-image":"","background-repeat":"repeat","background-position":"center center","background-size":"auto","background-attachment":"scroll","background-type":"","background-media":"","overlay-type":"","overlay-color":"","overlay-opacity":"","overlay-gradient":""}},"footnotes":""},"class_list":["post-79","page","type-page","status-publish","hentry"],"yoast_head":"<!-- This site is optimized with the Yoast SEO plugin v27.4 - https:\/\/yoast.com\/product\/yoast-seo-wordpress\/ -->\n<title>formulaire de contact - Consultante social, adapt\u00e9e \u00e0 vos besoins<\/title>\n<meta name=\"description\" content=\"pour commencer un partenariat, compl\u00e9ter ce formulaire, sans engagement de votre part, je vous contacterai dans les meileurs d\u00e9lais.\" \/>\n<meta name=\"robots\" content=\"index, follow, max-snippet:-1, max-image-preview:large, max-video-preview:-1\" \/>\n<link rel=\"canonical\" href=\"https:\/\/tremplinsocial.fr\/?page_id=79\" \/>\n<meta property=\"og:locale\" content=\"fr_FR\" \/>\n<meta property=\"og:type\" content=\"article\" \/>\n<meta property=\"og:title\" content=\"formulaire de contact - Consultante social, adapt\u00e9e \u00e0 vos besoins\" \/>\n<meta property=\"og:description\" content=\"pour commencer un partenariat, compl\u00e9ter ce formulaire, sans engagement de votre part, je vous contacterai dans les meileurs d\u00e9lais.\" \/>\n<meta property=\"og:url\" content=\"https:\/\/tremplinsocial.fr\/?page_id=79\" \/>\n<meta property=\"og:site_name\" content=\"Consultante social, adapt\u00e9e \u00e0 vos besoins\" \/>\n<meta property=\"article:modified_time\" content=\"2020-11-11T17:11:47+00:00\" \/>\n<meta name=\"twitter:card\" content=\"summary_large_image\" \/>\n<script type=\"application\/ld+json\" class=\"yoast-schema-graph\">{\"@context\":\"https:\\\/\\\/schema.org\",\"@graph\":[{\"@type\":\"WebPage\",\"@id\":\"https:\\\/\\\/tremplinsocial.fr\\\/?page_id=79\",\"url\":\"https:\\\/\\\/tremplinsocial.fr\\\/?page_id=79\",\"name\":\"formulaire de contact - Consultante social, adapt\u00e9e \u00e0 vos besoins\",\"isPartOf\":{\"@id\":\"https:\\\/\\\/tremplinsocial.fr\\\/#website\"},\"datePublished\":\"2020-03-31T09:12:51+00:00\",\"dateModified\":\"2020-11-11T17:11:47+00:00\",\"description\":\"pour commencer un partenariat, compl\u00e9ter ce formulaire, sans engagement de votre part, je vous contacterai dans les meileurs d\u00e9lais.\",\"breadcrumb\":{\"@id\":\"https:\\\/\\\/tremplinsocial.fr\\\/?page_id=79#breadcrumb\"},\"inLanguage\":\"fr-FR\",\"potentialAction\":[{\"@type\":\"ReadAction\",\"target\":[\"https:\\\/\\\/tremplinsocial.fr\\\/?page_id=79\"]}]},{\"@type\":\"BreadcrumbList\",\"@id\":\"https:\\\/\\\/tremplinsocial.fr\\\/?page_id=79#breadcrumb\",\"itemListElement\":[{\"@type\":\"ListItem\",\"position\":1,\"name\":\"Accueil\",\"item\":\"https:\\\/\\\/tremplinsocial.fr\\\/\"},{\"@type\":\"ListItem\",\"position\":2,\"name\":\"formulaire de contact\"}]},{\"@type\":\"WebSite\",\"@id\":\"https:\\\/\\\/tremplinsocial.fr\\\/#website\",\"url\":\"https:\\\/\\\/tremplinsocial.fr\\\/\",\"name\":\"Conseill\u00e8re Sociale \u00e0 Lille\",\"description\":\"Entreprise ou association vous pouvez compter sur l&#039;expertise d&#039;une professionnelle du social pour vous accompagner en tant que Conseill\u00e8re en Economie Sociale et Familiale lib\u00e9rale. Je propose un partenariat direct avec les acteurs du secteur m\u00e9dico-social afin de mettre en place une intervention personnalis\u00e9e et adapt\u00e9e \u00e0 vos besoins.LILLE\\\/NORD \",\"publisher\":{\"@id\":\"https:\\\/\\\/tremplinsocial.fr\\\/#organization\"},\"potentialAction\":[{\"@type\":\"SearchAction\",\"target\":{\"@type\":\"EntryPoint\",\"urlTemplate\":\"https:\\\/\\\/tremplinsocial.fr\\\/?s={search_term_string}\"},\"query-input\":{\"@type\":\"PropertyValueSpecification\",\"valueRequired\":true,\"valueName\":\"search_term_string\"}}],\"inLanguage\":\"fr-FR\"},{\"@type\":\"Organization\",\"@id\":\"https:\\\/\\\/tremplinsocial.fr\\\/#organization\",\"name\":\"tremplin social\",\"url\":\"https:\\\/\\\/tremplinsocial.fr\\\/\",\"logo\":{\"@type\":\"ImageObject\",\"inLanguage\":\"fr-FR\",\"@id\":\"https:\\\/\\\/tremplinsocial.fr\\\/#\\\/schema\\\/logo\\\/image\\\/\",\"url\":\"https:\\\/\\\/i0.wp.com\\\/tremplinsocial.fr\\\/wp-content\\\/uploads\\\/2020\\\/11\\\/image.jpg?fit=640%2C640&ssl=1\",\"contentUrl\":\"https:\\\/\\\/i0.wp.com\\\/tremplinsocial.fr\\\/wp-content\\\/uploads\\\/2020\\\/11\\\/image.jpg?fit=640%2C640&ssl=1\",\"width\":640,\"height\":640,\"caption\":\"tremplin social\"},\"image\":{\"@id\":\"https:\\\/\\\/tremplinsocial.fr\\\/#\\\/schema\\\/logo\\\/image\\\/\"},\"sameAs\":[\"https:\\\/\\\/www.linkedin.com\\\/in\\\/anne-bourguet-065b6955\\\/\"]}]}<\/script>\n<!-- \/ Yoast SEO plugin. -->","yoast_head_json":{"title":"formulaire de contact - Consultante social, adapt\u00e9e \u00e0 vos besoins","description":"pour commencer un partenariat, compl\u00e9ter ce formulaire, sans engagement de votre part, je vous contacterai dans les meileurs d\u00e9lais.","robots":{"index":"index","follow":"follow","max-snippet":"max-snippet:-1","max-image-preview":"max-image-preview:large","max-video-preview":"max-video-preview:-1"},"canonical":"https:\/\/tremplinsocial.fr\/?page_id=79","og_locale":"fr_FR","og_type":"article","og_title":"formulaire de contact - Consultante social, adapt\u00e9e \u00e0 vos besoins","og_description":"pour commencer un partenariat, compl\u00e9ter ce formulaire, sans engagement de votre part, je vous contacterai dans les meileurs d\u00e9lais.","og_url":"https:\/\/tremplinsocial.fr\/?page_id=79","og_site_name":"Consultante social, adapt\u00e9e \u00e0 vos besoins","article_modified_time":"2020-11-11T17:11:47+00:00","twitter_card":"summary_large_image","schema":{"@context":"https:\/\/schema.org","@graph":[{"@type":"WebPage","@id":"https:\/\/tremplinsocial.fr\/?page_id=79","url":"https:\/\/tremplinsocial.fr\/?page_id=79","name":"formulaire de contact - Consultante social, adapt\u00e9e \u00e0 vos besoins","isPartOf":{"@id":"https:\/\/tremplinsocial.fr\/#website"},"datePublished":"2020-03-31T09:12:51+00:00","dateModified":"2020-11-11T17:11:47+00:00","description":"pour commencer un partenariat, compl\u00e9ter ce formulaire, sans engagement de votre part, je vous contacterai dans les meileurs d\u00e9lais.","breadcrumb":{"@id":"https:\/\/tremplinsocial.fr\/?page_id=79#breadcrumb"},"inLanguage":"fr-FR","potentialAction":[{"@type":"ReadAction","target":["https:\/\/tremplinsocial.fr\/?page_id=79"]}]},{"@type":"BreadcrumbList","@id":"https:\/\/tremplinsocial.fr\/?page_id=79#breadcrumb","itemListElement":[{"@type":"ListItem","position":1,"name":"Accueil","item":"https:\/\/tremplinsocial.fr\/"},{"@type":"ListItem","position":2,"name":"formulaire de contact"}]},{"@type":"WebSite","@id":"https:\/\/tremplinsocial.fr\/#website","url":"https:\/\/tremplinsocial.fr\/","name":"Conseill\u00e8re Sociale \u00e0 Lille","description":"Entreprise ou association vous pouvez compter sur l&#039;expertise d&#039;une professionnelle du social pour vous accompagner en tant que Conseill\u00e8re en Economie Sociale et Familiale lib\u00e9rale. Je propose un partenariat direct avec les acteurs du secteur m\u00e9dico-social afin de mettre en place une intervention personnalis\u00e9e et adapt\u00e9e \u00e0 vos besoins.LILLE\/NORD ","publisher":{"@id":"https:\/\/tremplinsocial.fr\/#organization"},"potentialAction":[{"@type":"SearchAction","target":{"@type":"EntryPoint","urlTemplate":"https:\/\/tremplinsocial.fr\/?s={search_term_string}"},"query-input":{"@type":"PropertyValueSpecification","valueRequired":true,"valueName":"search_term_string"}}],"inLanguage":"fr-FR"},{"@type":"Organization","@id":"https:\/\/tremplinsocial.fr\/#organization","name":"tremplin social","url":"https:\/\/tremplinsocial.fr\/","logo":{"@type":"ImageObject","inLanguage":"fr-FR","@id":"https:\/\/tremplinsocial.fr\/#\/schema\/logo\/image\/","url":"https:\/\/i0.wp.com\/tremplinsocial.fr\/wp-content\/uploads\/2020\/11\/image.jpg?fit=640%2C640&ssl=1","contentUrl":"https:\/\/i0.wp.com\/tremplinsocial.fr\/wp-content\/uploads\/2020\/11\/image.jpg?fit=640%2C640&ssl=1","width":640,"height":640,"caption":"tremplin social"},"image":{"@id":"https:\/\/tremplinsocial.fr\/#\/schema\/logo\/image\/"},"sameAs":["https:\/\/www.linkedin.com\/in\/anne-bourguet-065b6955\/"]}]}},"jetpack_sharing_enabled":true,"_links":{"self":[{"href":"https:\/\/tremplinsocial.fr\/index.php?rest_route=\/wp\/v2\/pages\/79","targetHints":{"allow":["GET"]}}],"collection":[{"href":"https:\/\/tremplinsocial.fr\/index.php?rest_route=\/wp\/v2\/pages"}],"about":[{"href":"https:\/\/tremplinsocial.fr\/index.php?rest_route=\/wp\/v2\/types\/page"}],"author":[{"embeddable":true,"href":"https:\/\/tremplinsocial.fr\/index.php?rest_route=\/wp\/v2\/users\/1"}],"replies":[{"embeddable":true,"href":"https:\/\/tremplinsocial.fr\/index.php?rest_route=%2Fwp%2Fv2%2Fcomments&post=79"}],"version-history":[{"count":8,"href":"https:\/\/tremplinsocial.fr\/index.php?rest_route=\/wp\/v2\/pages\/79\/revisions"}],"predecessor-version":[{"id":242,"href":"https:\/\/tremplinsocial.fr\/index.php?rest_route=\/wp\/v2\/pages\/79\/revisions\/242"}],"wp:attachment":[{"href":"https:\/\/tremplinsocial.fr\/index.php?rest_route=%2Fwp%2Fv2%2Fmedia&parent=79"}],"curies":[{"name":"wp","href":"https:\/\/api.w.org\/{rel}","templated":true}]}}